 = x*t - 20*t + 22. Calculate the remainder when t is divided by 6.
5
Let v be (-244)/(-36) + 4/18. Suppose 75 = -2*t + v*t. Suppose 3*g - 96 = -t. What is the remainder when 80 is divided by g?
26
Let f(y) = 10*y + 41. Let s = -24 - -62. What is the remainder when f(7) is divided by s?
35
Let a = -197 + 227. Calculate the remainder when 88 is divided by a.
28
Suppose 0 = 28*w - 683 - 241. Suppose -4*y = -2*c - 0*y - 2, -6 = -2*y. What is the remainder when w is divided by c?
3
Suppose -14 + 362 = 29*h. What is the remainder when 344 is divided by h?
8
What is the remainder when (55/10*-52)/(-2) is divided by 21?
17
Let u be (-3)/((-9)/(-2))*9. Suppose 5*l + j - 4 = 29, -5*j = -3*l + 3. Calculate the remainder when (-365)/(-25) - u/15 is divided by l.
3
Suppose -52 = -2*l + 2. Let b be -2*(-2 - (-9)/(-6)). Calculate the remainder when 736/b + 20/(-140) is divided by l.
24
Suppose 0 = -215*s + 222*s - 287. What is the remainder when s is divided by 8?
1
Let x = 62 - -9. Calculate the remainder when x is divided by 28.
15
Let l(y) = -y**3 + 24*y**2 - 23*y + 11. What is the remainder when l(23) is divided by 7?
4
Let w = -88 + 155. Let m = w - 61. Calculate the remainder when 7 is divided by m.
1
Let u(a) = -a + 16. Let d be u(10). Let z(w) = w**3 - 6*w**2 + 3*w - 11. Let g = -3 - -29. Calculate the remainder when g is divided by z(d).
5
Let u be 3*1 - (-5 + -41 + 7). Let r = u + -27. Calculate the remainder when 29 is divided by r.
14
Suppose 3*n = f + 7*n - 15, 2*f - 10 = 2*n. Calculate the remainder when 698 is divided by f.
5
Let l = 118 + 55. What is the remainder when l is divided by 25?
23
Let x(a) = a**2 + 2*a + 34. Let g be x(0). Suppose -4*z + 34 = -g. Calculate the remainder when 21 is divided by z.
4
Let b(x) = 66*x - 179. Calculate the remainder when b(4) is divided by 39.
7
Let o(m) = -2*m - 7. Let n be o(-5). Suppose -14 - 52 = -n*y. Calculate the remainder when y is divided by 8.
6
Let g be 1 - 86*4/(-1). Suppose -9*k - g = -14*k. What is the remainder when k is divided by 18?
15
Let i(z) = z**3 + 12*z**2 + 15*z + 11. Let h be i(-10). Suppose 5*m - h - 44 = 0. Calculate the remainder when 81 is divided by m.
18
Suppose 0 = 66*u - 12497 - 22945. What is the remainder when u is divided by 15?
12
Suppose -3*j + 14*j = 693. What is the remainder when j is divided by 32?
31
Let u = 26 + -11. Suppose -u*p + 11*p + 96 = 0. Calculate the remainder when 46 is divided by p.
22
Let y(a) = a**3 - 37*a**2 - a + 55. Calculate the remainder when 83 is divided by y(37).
11
Suppose 2*u + 2*z - 67 = -3*u, 2*z = 2*u - 24. Let i = 42 - -21. What is the remainder when i is divided by u?
11
Suppose 2*z + 3*z - 920 = -5*l, 0 = -2*l. Let m = z - 110. Suppose -3*a - 105 - 29 = -5*i, -3*i = -5*a - m. What is the remainder when 110 is divided by i?
26
Let l(t) = -20*t**2 - 4*t - 2. Let z(r) = r**2 + 7*r - 20. Let o be z(-9). Let c be l(o). Let x = c - -153. What is the remainder when x is divided by 16?
15
Suppose -5*x = 5*u + 94 - 394, -116 = -2*x - 4*u. Suppose 0 = -5*v + 5*t + 80, 30*v + 2*t = 35*v - 80. What is the remainder when x is divided by v?
14
Let r be 644/(-18) + (-6)/(-27)*-1. What is the remainder when 0 + r/(-15)*(5 + 0) is divided by 8?
4
Let f = -911 + 927. What is the remainder when 17 is divided by f?
1
Let a(t) = -7*t**3 + t**2 - 4*t - 3. What is the remainder when a(-2) is divided by 25?
15
Suppose -1440 = 3*h - 11*h. Calculate the remainder when h is divided by 4.
0
What is the remainder when 54 is divided by ((-2)/2)/(1/(-14))?
12
Let t(p) = -22*p - 134. Calculate the remainder when t(-21) is divided by 33.
31
Let z = 6 + -1. Suppose z*q - 23 = -8. Let h(i) = -6*i + 41. Calculate the remainder when h(6) is divided by q.
2
Suppose -2*p + 7*p + 4*u = 186, 2*p + 4*u = 72. Let k be -1 - -2 - (p - -2). What is the remainder when 27 is divided by -2 + k/(-3) - -3?
13
Let c(d) = -2*d + 102*d**3 + 2 - 24*d**3 + 5*d - 5. What is the remainder when c(1) is divided by 20?
18
Let l be (4 - 2 - 7)*-2. Suppose 4*n = 2*n + l. Calculate the remainder when 14 is divided by n.
4
Let f(m) = 2*m - 4. Let a be f(11). Suppose 0 = -g + 5*g + 2*i - a, 0 = -2*g + 4*i - 6. Calculate the remainder when ((-2)/g)/((-12)/450) is divided by 9.
7
Let u(d) = d**3 - d**2 + d + 260. Let p be u(0). What is the remainder when 2 is divided by ((-1)/5 - 0) + 312/p?
0
Let p(y) = 8*y - 31. Calculate the remainder when p(12) is divided by 17.
14
Let x be (0 - -1)/(5/20). What is the remainder when (-54)/x*(-1 + -3) is divided by (-338)/(-18) - 8/(-36)?
16
Let w be (-4 + (-20)/(-6))*(-1 + -56). Suppose 0 = 5*n - w - 92. Calculate the remainder when n is divided by 14.
12
Let i be ((-20)/(-50))/((-1)/(-5)). Suppose 3*j = -5*c + 154, i*j + 2*c - 102 = -2*c. Calculate the remainder when j is divided by 18.
17
Suppose 9 = 2*p + p. Calculate the remainder when (6/8)/(4953/(-416) - -12) is divided by p.
2
Let k = -78 - -172. What is the remainder when -6*((-10)/(-6) - 1) + k is divided by 19?
14
Suppose 15*f + 975 = 40*f. Calculate the remainder when 466 is divided by f.
37
Suppose 35*r = 629 + 841. Calculate the remainder when 81 is divided by r.
39
Suppose 12*p = 9*p + 201. Calculate the remainder when p is divided by 23.
21
Let i(j) = 16*j + 359. Calculate the remainder when i(-14) is divided by 60.
15
Suppose -b + 4 = 2. Suppose f - 3*f = b. What is the remainder when (-8 - -6)*(-2 + f) is divided by 4?
2
Let m = -4 - -8. Suppose -m*y + y + 21 = 0. Suppose 4*o = -5*o + 171. What is the remainder when o is divided by y?
5
Let n = -55 - -75. Suppose 4*c + 15 = 8*c + 3*d, -5*d + n = 5*c. Calculate the remainder when 22 is divided by c.
1
Suppose -6*y - 1679 = -623. Calculate the remainder when -11*(1 + (0 - 2)) is divided by -1 - ((-4)/(-22) - (-912)/y).
3
Let b(h) = 9*h - 23. Suppose 2*z = -v + 9, -v = 3*z - 3 - 10. Suppose 0 = -k + 8 - 1. Calculate the remainder when b(z) is divided by k.
6
Suppose -h + 6*h + 3*u = -15, 2*u + 12 = -4*h. Let w(v) = 3*v**2 + 5*v. What is the remainder when 46 is divided by w(h)?
10
Let n(k) = 23*k**2 + k - 4*k + k**3 - 6 - 6*k**2 + 2. What is the remainder when n(-17) is divided by 18?
11
Let u(i) = 61*i - 8. Let g(h) = -20*h + 3. Let v(x) = 17*g(x) + 6*u(x). What is the remainder when v(10) is divided by 53?
51
Suppose -4*h = 5*r - 71, -r + 3*h + 7 = 2*h. Let l(g) be the second derivative of g**4/3 - 2*g**2 + 7*g. What is the remainder when l(3) is divided by r?
10
Let q be ((-5)/(-2) - -1)/(69/1794). Let f = -59 + q. What is the remainder when 56 is divided by f?
24
Let h(g) = g**2 - 17*g - 250. Calculate the remainder when 90 is divided by h(-10).
10
Let j(p) = -101*p + 714. Calculate the remainder when j(6) is divided by 48.
12
Suppose -337 = -4*r + 187. What is the remainder when r is divided by 11?
10
Let i = 113 + -97. Calculate the remainder when i is divided by 6.
4
Let t = 391 + 115. What is the remainder when t is divided by 34?
30
Suppose 1 = 2*y - 7. Suppose 0 = -5*c + 5, -3*l + 5*l - y*c = 64. Let i = -20 + l. What is the remainder when 41 is divided by i?
13
What is the remainder when (-436)/(-14) - 5/35 is divided by 17?
14
Suppose -r = 2*c + 3*r + 6, -c - 4*r = -3. Let i be 2 + 0 + 3 + c. Calculate the remainder when i/(-6)*63/6 is divided by 5.
2
Suppose -6*a + 10 = -11*a. Let n = a + 8. What is the remainder when (-3)/(12/(-8)) + (22 - -2) is divided by n?
2
Let x(d) be the third derivative of 7*d**5/60 - d**4/8 - 2*d**3/3 + 15*d**2. What is the remainder when x(3) is divided by 12?
2
Suppose n - 4*n + 12 = 0. Suppose n*o + 7*c = 2*c + 163, 2*c = -5*o + 191. Suppose 2*a + b = o - 10, 0 = 5*b + 5. What is the remainder when a is divided by 8?
6
Suppose 5 - 5 = -3*u. Let s = 9 + -4. Suppose -s*x = -4*f + f + 217, u = -2*f - 3*x + 170. What is the remainder when f is divided by 20?
19
Let c = 0 - -12. Suppose 0 = -4*y - c, -3*y = -3*f + 7*f - 35. Suppose 0 = 3*s - 10 + 1. What is the remainder when f is divided by s?
2
Calculate the remainder when 2578/22 - 8 - (-6)/(-33) is divided by (4*4)/((-2)/(-7)).
53
Suppose -2*m + i = -72, -4*i = -0*m - 5*m + 186. Calculate the remainder when 61 is divided by m.
27
Let f(m) = -m**3 + 3*m. Let g be f(-4). Suppose z - g = -z. Suppose -z - 24 = -2*v. What is the remainder when 97 is divid